{"id":487,"date":"2024-11-21T08:18:53","date_gmt":"2024-11-21T07:18:53","guid":{"rendered":"https:\/\/bsi-si.si\/prva\/?page_id=487"},"modified":"2025-11-12T09:53:12","modified_gmt":"2025-11-12T08:53:12","slug":"obnova-akumulatorja","status":"publish","type":"page","link":"https:\/\/bsi-si.si\/prva\/dejavnosti\/obnova-akumulatorja\/","title":{"rendered":"Obnova akumulatorja"},"content":{"rendered":"\n<p>\u010ce po pregledu ugotovimo, da ima notranjost celic preve\u010d usedline ter oblog, se lotimo obnove vsake celice posebaj.<\/p>\n\n\n\n<p><strong>Potek obnove:<\/strong><\/p>\n\n\n\n<ul class=\"wp-block-list\">\n<li>fizi\u010dno odpremo vsako celico ter odstranimo usedlino in obloge, ki tvorijo kratek stik<\/li>\n\n\n\n<li>o\u010distimo notranjost vsake celice z demineralizirano meglico<\/li>\n\n\n\n<li>zamenjamo kislino (stara kislina se o\u010disti za novo uporabo)<\/li>\n\n\n\n<li>zamenjamo ali uredimo zaboj<\/li>\n\n\n\n<li>odstranimo umazanijo ter korozijo na pokrovih<\/li>\n\n\n\n<li>o\u010distimo ter uredimo povezave<\/li>\n\n\n\n<li>uredimo ali zamenjamo vijake<\/li>\n\n\n\n<li>o\u010distimo ter uredimo priklju\u010dne pole<\/li>\n\n\n\n<li>uredimo ali zamenjamo dolivni sistem<\/li>\n\n\n\n<li>uredimo ali po potrebi zamenjamo priklju\u010dni konektor<\/li>\n\n\n\n<li>ekvaliziramo celice (izena\u010ditev napetosti)<\/li>\n\n\n\n<li>desulfatiziramo celice z el. programi<\/li>\n<\/ul>\n\n\n\n<p>Obnova ni mogo\u010da za \u010disto za vsak akumulator. V primeru <strong>nepravilne uporabe<\/strong>, lahko pride do pregrevanja oz. prekuhavanja akumulatorja in takrat obnova ne pride v po\u0161tev. \u010ce pride do prekuhavanja se pozitivne ter negativne plo\u0161\u010de v celicah zmeh\u010dajo in material za\u010dne odpadati. Baterija enostavno izgubi svojo efektivo delovanja.<\/p>\n\n\n\n<p class=\"animated fadeInUp delay-2s slower\"><strong>Cena obnove<\/strong>, \u0161e vedno zna\u0161a manj kot 40% cene nove baterije. <\/p>\n\n\n\n<p><strong>Glavni cilj obnove<\/strong> je podalj\u0161ati \u017eivljenjsko dobo akumulatorja in povrniti njegovo uporabnost, brez potrebe po zamenjavi akumulatorja.<\/p>\n\n\n\n<p><\/p>\n","protected":false},"excerpt":{"rendered":"<p>\u010ce po pregledu ugotovimo, da ima notranjost celic preve\u010d usedline ter oblog, se lotimo obnove vsake celice posebaj. Potek obnove: Obnova ni mogo\u010da za \u010disto za vsak akumulator. V primeru nepravilne uporabe, lahko pride do pregrevanja oz. prekuhavanja akumulatorja in takrat obnova ne pride v po\u0161tev. \u010ce pride do prekuhavanja se pozitivne ter negativne plo\u0161\u010de [&hellip;]<\/p>\n","protected":false},"author":1,"featured_media":0,"parent":502,"menu_order":0,"comment_status":"closed","ping_status":"closed","template":"","meta":{"inline_featured_image":false,"footnotes":""},"class_list":["post-487","page","type-page","status-publish","hentry"],"_links":{"self":[{"href":"https:\/\/bsi-si.si\/prva\/wp-json\/wp\/v2\/pages\/487","targetHints":{"allow":["GET"]}}],"collection":[{"href":"https:\/\/bsi-si.si\/prva\/wp-json\/wp\/v2\/pages"}],"about":[{"href":"https:\/\/bsi-si.si\/prva\/wp-json\/wp\/v2\/types\/page"}],"author":[{"embeddable":true,"href":"https:\/\/bsi-si.si\/prva\/wp-json\/wp\/v2\/users\/1"}],"replies":[{"embeddable":true,"href":"https:\/\/bsi-si.si\/prva\/wp-json\/wp\/v2\/comments?post=487"}],"version-history":[{"count":3,"href":"https:\/\/bsi-si.si\/prva\/wp-json\/wp\/v2\/pages\/487\/revisions"}],"predecessor-version":[{"id":825,"href":"https:\/\/bsi-si.si\/prva\/wp-json\/wp\/v2\/pages\/487\/revisions\/825"}],"up":[{"embeddable":true,"href":"https:\/\/bsi-si.si\/prva\/wp-json\/wp\/v2\/pages\/502"}],"wp:attachment":[{"href":"https:\/\/bsi-si.si\/prva\/wp-json\/wp\/v2\/media?parent=487"}],"curies":[{"name":"wp","href":"https:\/\/api.w.org\/{rel}","templated":true}]}}